o**2 - s - 4*o**3 + 3*o**2 + 2*o + 1. Let i be r(-2). Calculate the greatest common factor of i and 3.
3
Suppose 2*o - 322 = -o + 5*l, 0 = -3*o - 3*l + 306. What is the greatest common divisor of 13 and o?
13
Let k(a) = a**2 - a + 1. Let f(s) = -8*s**2 + 9*s - 11. Let w(y) = 2*f(y) + 18*k(y). Let p be w(-4). Calculate the highest common factor of p and 7.
7
Let n(p) = -2*p**3 - 11*p**2 + 2*p - 7. Let a be n(-7). Calculate the greatest common divisor of 18 and a.
18
Suppose 0 = 4*f - 2*f - 6. Let g be 9/(27/150) - 0. Suppose g = 5*w - 4*i + 1, -3*w + f*i + 30 = 0. Calculate the highest common factor of w and 99.
9
Let w(s) = 3*s**2 + 5*s**3 + 2*s**3 - 6*s**3 + 0*s - 5*s + 1. Let x be w(-4). Suppose -3*v = -5 - 10. What is the greatest common factor of x and v?
5
Let q be 0 + 0/1 + 17. Suppose 110 + 502 = 12*a. Calculate the greatest common factor of a and q.
17
Let q = -94 - -103. Calculate the highest common divisor of q and 36.
9
Suppose 4*j = -0*j + 180. Let v = 22 + -10. Suppose 2*g + 5*q - 75 = 0, q - 21 = -g + v. Calculate the highest common factor of j and g.
15
Let u = 12 - 8. Suppose 6 = -u*l + 18. Suppose 5*q + 53 - 287 = -3*y, -l*y + 189 = 4*q. What is the highest common divisor of q and 15?
15
Suppose z + 98 = 5*q, 5*q + 0*q - 4*z - 107 = 0. Suppose 3*n - 5*n + 56 = -4*u, -3*n = u - 119. Calculate the greatest common divisor of q and n.
19
Let m = 146 - 101. Suppose -3*a + 42 = n, -4*n + 0*n - 12 = 0. Suppose 3*v + 3*h = a, v + 2*h - 7 + 2 = 0. Calculate the greatest common factor of m and v.
5
Suppose 2*m = 6*m + 2*d - 104, 0 = m + 4*d - 12. What is the highest common factor of 14 and m?
14
Let i = -96 - -160. What is the highest common divisor of 16 and i?
16
Let h(s) = -s**3 + 11*s**2 - 4*s - 14. Let k be h(7). What is the greatest common divisor of k and 22?
22
Let d(t) = -3*t. Let r be d(-16). Let x be -8*(-2 + 11/(-2)). Suppose 5*v - x = -5*l, -5*l + l = -5*v + 60. Calculate the greatest common factor of r and v.
12
Let d = 9 + -4. Let u(y) = y**3 - d + 6*y + 2*y**2 - 2*y**3 - 3*y**2. Let n be u(-5). Calculate the greatest common factor of n and 13.
13
Let u(o) = -2*o - 9. Let n be u(-6). Suppose -f = -4*z + 12 + 86, 0 = -3*z - 3*f + 66. What is the greatest common divisor of z and n?
3
Suppose 5*s - 25 = 2*l, -5*l + 3*s - 8 = 7. Let x be (l - 2)/(1/(-15)). Suppose -2*r - r = -x. What is the highest common divisor of 80 and r?
10
Let v = -7 + -1. Let m be 4/v*(0 + 0). Suppose m = 4*d + 25 - 81. What is the highest common factor of d and 42?
14
Suppose f + 0*l = 3*l + 14, 4*f - 34 = l. What is the greatest common divisor of 40 and f?
8
Suppose -309*q = -306*q - 150. What is the highest common factor of q and 2?
2
Suppose -6*x + 2*x + z = 56, 4*z + 42 = -3*x. Let q = x + 23. Let j(t) = t**3 + 5*t**2 + 4*t + 3. Let s be j(-3). What is the highest common divisor of q and s?
9
Let o(d) = d + 2. Let n be o(1). What is the highest common factor of n and 6?
3
Suppose 32 = 4*p + 3*f, 5*p + 2*f - 12 - 28 = 0. Let a be (-2 - (2 + -2)) + p. Calculate the greatest common factor of 6 and a.
6
Let q(f) be the second derivative of -f**4/12 - 7*f**3/6 - 3*f**2 + 2*f. Let t be q(-5). Calculate the greatest common factor of t and 4.
4
Let h(v) = -10*v**2 + 2*v. Let b be h(-2). Let i = b - -26. Let j = 46 + i. What is the highest common factor of 7 and j?
7
Suppose 4*q - 2*q = -3*o + 22, -3*q + 19 = o. Suppose 0 = o*m + 149 - 349. Let x be (0 - -2)*5*1. Calculate the highest common divisor of x and m.
10
Let l(c) = c**2 - 10*c - 1. Let z be l(11). Let y(d) = -d**2 - d + 4. Let r be y(0). What is the greatest common divisor of r and z?
2
Suppose -d + n = -4*d + 68, 4*d = n + 86. Let m = 125 - 103. What is the greatest common factor of d and m?
22
Let n = 3 + 29. Calculate the greatest common factor of n and 8.
8
Let w = 23 - -52. Let f be (-1071)/(-68) + 3/(-4). What is the highest common divisor of f and w?
15
Suppose -5*w = -14 - 11. Let s(l) = -4*l**3 - l**2 - 2*l - 1. Let z be s(-1). Let h be z/(-3)*(-15)/2. What is the greatest common factor of w and h?
5
Let p be 4/6 - 50/(-15). Calculate the greatest common factor of p and 12.
4
Let p be ((0 - 3) + 5)/(1/10). Calculate the highest common divisor of 80 and p.
20
Suppose 15 = -5*k - 0. Let t(d) = 5 + d**3 + 0*d + 5*d**2 - 3 + 2*d. Let q be t(k). What is the highest common factor of q and 126?
14
Let q(v) = -v**2 + 5*v + 1. Let h be q(5). Suppose 5*n + 0*n - 55 = 0. What is the greatest common divisor of h and n?
1
Let k be ((-96)/14)/((-2)/14). What is the highest common divisor of k and 16?
16
Suppose 2*b + 59 + 89 = a, -4*b - 16 = 0. Calculate the greatest common divisor of 14 and a.
14
Suppose 4*w + 0*w = 448. Let z(n) = 16*n**2 + 4*n + 4. Let v be z(-1). What is the highest common factor of v and w?
16
Let z = 2 + 1. Let u(a) = a**3 - 2*a**2 - 3. Let j be u(z). Let k = -11 + 20. What is the greatest common divisor of k and j?
3
Let q = 315 - 179. What is the highest common divisor of 17 and q?
17
Suppose 4*m = -0 + 28. Let i be -3*(-2)/12*-2. Let j = i + 2. Calculate the highest common divisor of j and m.
1
Suppose -4*f = o - 70, 8*o - f - 329 = 3*o. Calculate the greatest common divisor of 165 and o.
33
Let m be ((-5)/(-15))/(2/408). Calculate the greatest common factor of 170 and m.
34
Suppose 3*q - 207 = 3*o, 5*q + 0*o - 325 = o. What is the greatest common divisor of 8 and q?
8
Let m = 331 - 171. Let c be (-1)/(-14)*4 + (-138)/(-7). Calculate the greatest common divisor of m and c.
20
Suppose -3*z + 2*z + 36 = 0. What is the highest common factor of z and 180?
36
Let r be (-52)/(-8) - (-3)/2. What is the greatest common divisor of r and 40?
8
Suppose -5*m - 5*v + 2*v = -60, 0 = -2*m - 5*v + 5. Suppose 3*s = -0 + 9. Calculate the highest common divisor of s and m.
3
Let h(s) = -s**3 + 3*s**2 + s. Let x be h(3). Suppose 4*f - 4 - 8 = 0. What is the highest common divisor of f and x?
3
Suppose -3*c + 11 + 1 = 0. Let m = 18 - -26. Calculate the greatest common divisor of c and m.
4
Let u(n) be the second derivative of 0*n**3 + 1/20*n**5 - 2*n + 21*n**2 + 0*n**4 + 0. Let r be u(0). What is the highest common divisor of r and 21?
21
Let t(q) = 4*q**2 + 2*q + 5. Let r be t(-4). Let n = -40 + r. Calculate the greatest common divisor of n and 14.
7
Suppose 5*c - 172 = -2*p, 4*p + 25 = -2*c + 81. Let g = c + -14. What is the greatest common divisor of 33 and g?
11
Suppose x = -5*j + 316, 0 = j - x - 0*x - 68. Suppose 3*f + 33 = 3*v, 0 = 6*v - v + 4*f - j. What is the greatest common factor of v and 84?
12
Let a = 6 + 12. Let s = -8 - -11. Suppose -s*z = -z - a. Calculate the highest common divisor of 18 and z.
9
Suppose 2*l = 5*l - 33. Calculate the highest common factor of l and 22.
11
Suppose 3*m - 5*r - 25 = 0, -5*m - r + 4*r + 47 = 0. Suppose 2*w = -5*s + 11, 2*s - 5 = w - 2*w. Let l = 13 - w. What is the greatest common factor of m and l?
10
Let v(c) = -c**2 + 25*c + 16. Let s be v(9). Calculate the greatest common factor of 10 and s.
10
Let r(c) = -c**2 + c + 105. Let u be ((3 - 6) + 3)/(-1). Let p be r(u). Suppose 131 = 5*s + 26. Calculate the greatest common factor of p and s.
21
Suppose -5 = -4*b + g, -4*b = g - 0*g - 3. Calculate the greatest common divisor of b and 2.
1
Suppose -108 - 62 = -5*g. Calculate the greatest common divisor of 85 and g.
17
Let v(c) = c**2 + 4*c + 2. Suppose -j - 2 = 2. Let w be v(j). What is the highest common divisor of 22 and w?
2
Let s = -118 + 166. Calculate the highest common factor of s and 72.
24
Let r(p) = p**2 - 2*p + 5. Let c be r(-4). Let l = c + -21. Calculate the highest common divisor of 56 and l.
8
Let m be 26/5 - 1/5. Let j(y) = 6*y**3 - 2*y**2 + 2*y - 1. Let i be j(1). What is the highest common factor of m and i?
5
Suppose 2*w - 68 = -4*c, -4*c - 3*w + 78 = -6*w. Let r be 168 - 6 - (0 - 0). Calculate the greatest common factor of c and r.
18
Let j = -41 + 55. Calculate the highest common factor of j and 28.
14
Let c(l) = -l**3 + 9*l**2 - 8*l + 10. Let z be c(8). Suppose 0*j = 2*j - 50. What is the greatest common divisor of j and z?
5
Suppose -2*m - 2*m - 2*g = -18, -g = 3. Suppose -2*y = y - m. Suppose -4*w + 12 = -y*w. Calculate the highest common divisor of w and 54.
6
Let i(f) = -f - 1. Let t be i(-11). Calculate the highest common